{"id":74,"date":"2019-02-10T07:41:55","date_gmt":"2019-02-10T07:41:55","guid":{"rendered":"http:\/\/kaiman-mode.de\/?page_id=74"},"modified":"2019-07-15T17:05:44","modified_gmt":"2019-07-15T17:05:44","slug":"kontakt","status":"publish","type":"page","link":"https:\/\/kaiman-mode.de\/unsere-modewelt\/kontakt\/","title":{"rendered":"Kontakt"},"content":{"rendered":"\t\t<div data-elementor-type=\"wp-post\" data-elementor-id=\"74\" class=\"elementor elementor-74\">\n\t\t\t\t\t\t<section class=\"elementor-section elementor-top-section elementor-element elementor-element-658d77d8 elementor-section-boxed elementor-section-height-default elementor-section-height-default\" data-id=\"658d77d8\" data-element_type=\"section\" data-e-type=\"section\">\n\t\t\t\t\t\t<div class=\"elementor-container elementor-column-gap-wider\">\n\t\t\t\t\t<div class=\"elementor-column elementor-col-100 elementor-top-column elementor-element elementor-element-34e9796b\" data-id=\"34e9796b\" data-element_type=\"column\" data-e-type=\"column\">\n\t\t\t<div class=\"elementor-widget-wrap elementor-element-populated\">\n\t\t\t\t\t\t<div class=\"elementor-element elementor-element-87a5361 elementor-widget elementor-widget-image\" data-id=\"87a5361\" data-element_type=\"widget\" data-e-type=\"widget\" data-widget_type=\"image.default\">\n\t\t\t\t<div class=\"elementor-widget-container\">\n\t\t\t\t\t\t\t\t\t\t\t\t\t\t\t<img fetchpriority=\"high\" decoding=\"async\" width=\"720\" height=\"344\" src=\"https:\/\/kaiman-mode.de\/wp-content\/uploads\/2019\/02\/Logo-KAIMAN_mit-Hintergrund-mit-Schriftzug-kleiner.png\" class=\"attachment-large size-large wp-image-143\" alt=\"\" srcset=\"https:\/\/kaiman-mode.de\/wp-content\/uploads\/2019\/02\/Logo-KAIMAN_mit-Hintergrund-mit-Schriftzug-kleiner.png 1020w, https:\/\/kaiman-mode.de\/wp-content\/uploads\/2019\/02\/Logo-KAIMAN_mit-Hintergrund-mit-Schriftzug-kleiner-600x286.png 600w, https:\/\/kaiman-mode.de\/wp-content\/uploads\/2019\/02\/Logo-KAIMAN_mit-Hintergrund-mit-Schriftzug-kleiner-300x143.png 300w, https:\/\/kaiman-mode.de\/wp-content\/uploads\/2019\/02\/Logo-KAIMAN_mit-Hintergrund-mit-Schriftzug-kleiner-768x367.png 768w\" sizes=\"(max-width: 720px) 100vw, 720px\" \/>\t\t\t\t\t\t\t\t\t\t\t\t\t\t\t<\/div>\n\t\t\t\t<\/div>\n\t\t\t\t<div class=\"elementor-element elementor-element-7b17da40 elementor-widget elementor-widget-text-editor\" data-id=\"7b17da40\" data-element_type=\"widget\" data-e-type=\"widget\" data-widget_type=\"text-editor.default\">\n\t\t\t\t<div class=\"elementor-widget-container\">\n\t\t\t\t\t\t\t\t\t<p>Sie m\u00f6chten den Genuss verf\u00fchrerischer Stoffe in ausdrucksstarkem und zeitlosem Design erleben?\u00a0<\/p><p>Lernen Sie uns kennen, wir beraten Sie gerne.\u00a0<\/p>\t\t\t\t\t\t\t\t<\/div>\n\t\t\t\t<\/div>\n\t\t\t\t<section class=\"elementor-section elementor-inner-section elementor-element elementor-element-116d255 elementor-section-boxed elementor-section-height-default elementor-section-height-default\" data-id=\"116d255\" data-element_type=\"section\" data-e-type=\"section\">\n\t\t\t\t\t\t<div class=\"elementor-container elementor-column-gap-default\">\n\t\t\t\t\t<div class=\"elementor-column elementor-col-50 elementor-inner-column elementor-element elementor-element-09775d6\" data-id=\"09775d6\" data-element_type=\"column\" data-e-type=\"column\">\n\t\t\t<div class=\"elementor-widget-wrap elementor-element-populated\">\n\t\t\t\t\t\t<div class=\"elementor-element elementor-element-c96c14b elementor-widget elementor-widget-text-editor\" data-id=\"c96c14b\" data-element_type=\"widget\" data-e-type=\"widget\" data-widget_type=\"text-editor.default\">\n\t\t\t\t<div class=\"elementor-widget-container\">\n\t\t\t\t\t\t\t\t\t<p><strong>Besuchen Sie uns!<\/strong><\/p><p>Ostertorstra\u00dfe 38\/39<br \/>28195 Bremen<\/p><p><strong>Telefon: 0421 32 18 18<\/strong><\/p><p><strong>E-Mail: info@kaiman-mode.de<\/strong><\/p>\t\t\t\t\t\t\t\t<\/div>\n\t\t\t\t<\/div>\n\t\t\t\t\t<\/div>\n\t\t<\/div>\n\t\t\t\t<div class=\"elementor-column elementor-col-50 elementor-inner-column elementor-element elementor-element-f577ddd\" data-id=\"f577ddd\" data-element_type=\"column\" data-e-type=\"column\">\n\t\t\t<div class=\"elementor-widget-wrap elementor-element-populated\">\n\t\t\t\t\t\t<div class=\"elementor-element elementor-element-20bedec elementor-widget elementor-widget-text-editor\" data-id=\"20bedec\" data-element_type=\"widget\" data-e-type=\"widget\" data-widget_type=\"text-editor.default\">\n\t\t\t\t<div class=\"elementor-widget-container\">\n\t\t\t\t\t\t\t\t\t<p>Unsere \u00d6ffnungszeiten:\u00a0<\/p><p>Dienstags &#8211; Freitags: 11 &#8211; 18 Uhr\u00a0<br \/>Samstags 11 &#8211; 15 Uhr\u00a0<\/p><p>Sie haben w\u00e4hrend unserer regul\u00e4ren \u00d6ffnungszeiten keine Zeit? Kein Problem, vereinbaren Sie einfach einen anderen Termin.\u00a0<\/p>\t\t\t\t\t\t\t\t<\/div>\n\t\t\t\t<\/div>\n\t\t\t\t\t<\/div>\n\t\t<\/div>\n\t\t\t\t\t<\/div>\n\t\t<\/section>\n\t\t\t\t\t<\/div>\n\t\t<\/div>\n\t\t\t\t\t<\/div>\n\t\t<\/section>\n\t\t\t\t<section class=\"elementor-section elementor-top-section elementor-element elementor-element-ebed477 elementor-section-boxed elementor-section-height-default elementor-section-height-default\" data-id=\"ebed477\" data-element_type=\"section\" data-e-type=\"section\">\n\t\t\t\t\t\t<div class=\"elementor-container elementor-column-gap-default\">\n\t\t\t\t\t<div class=\"elementor-column elementor-col-100 elementor-top-column elementor-element elementor-element-90082d2\" data-id=\"90082d2\" data-element_type=\"column\" data-e-type=\"column\">\n\t\t\t<div class=\"elementor-widget-wrap elementor-element-populated\">\n\t\t\t\t\t\t<div class=\"elementor-element elementor-element-acb8cba elementor-widget elementor-widget-heading\" data-id=\"acb8cba\" data-element_type=\"widget\" data-e-type=\"widget\" data-widget_type=\"heading.default\">\n\t\t\t\t<div class=\"elementor-widget-container\">\n\t\t\t\t\t<h2 class=\"elementor-heading-title elementor-size-default\">UNser Gesch\u00e4ft In Bremen:<\/h2>\t\t\t\t<\/div>\n\t\t\t\t<\/div>\n\t\t\t\t\t<\/div>\n\t\t<\/div>\n\t\t\t\t\t<\/div>\n\t\t<\/section>\n\t\t\t\t<section class=\"elementor-section elementor-top-section elementor-element elementor-element-6c10bbb elementor-section-boxed elementor-section-height-default elementor-section-height-default\" data-id=\"6c10bbb\" data-element_type=\"section\" data-e-type=\"section\">\n\t\t\t\t\t\t<div class=\"elementor-container elementor-column-gap-default\">\n\t\t\t\t\t<div class=\"elementor-column elementor-col-100 elementor-top-column elementor-element elementor-element-67d3478\" data-id=\"67d3478\" data-element_type=\"column\" data-e-type=\"column\">\n\t\t\t<div class=\"elementor-widget-wrap elementor-element-populated\">\n\t\t\t\t\t\t<div class=\"elementor-element elementor-element-cbbd96f elementor-arrows-position-inside elementor-pagination-position-outside elementor-widget elementor-widget-image-carousel\" data-id=\"cbbd96f\" data-element_type=\"widget\" data-e-type=\"widget\" data-settings=\"{&quot;navigation&quot;:&quot;both&quot;,&quot;autoplay&quot;:&quot;yes&quot;,&quot;pause_on_hover&quot;:&quot;yes&quot;,&quot;pause_on_interaction&quot;:&quot;yes&quot;,&quot;autoplay_speed&quot;:5000,&quot;infinite&quot;:&quot;yes&quot;,&quot;speed&quot;:500,&quot;image_spacing_custom&quot;:{&quot;unit&quot;:&quot;px&quot;,&quot;size&quot;:20,&quot;sizes&quot;:[]},&quot;image_spacing_custom_tablet&quot;:{&quot;unit&quot;:&quot;px&quot;,&quot;size&quot;:&quot;&quot;,&quot;sizes&quot;:[]},&quot;image_spacing_custom_mobile&quot;:{&quot;unit&quot;:&quot;px&quot;,&quot;size&quot;:&quot;&quot;,&quot;sizes&quot;:[]}}\" data-widget_type=\"image-carousel.default\">\n\t\t\t\t<div class=\"elementor-widget-container\">\n\t\t\t\t\t\t\t<div class=\"elementor-image-carousel-wrapper swiper\" role=\"region\" aria-roledescription=\"carousel\" aria-label=\"Bild Karussell\" dir=\"ltr\">\n\t\t\t<div class=\"elementor-image-carousel swiper-wrapper\" aria-live=\"off\">\n\t\t\t\t\t\t\t\t<div class=\"swiper-slide\" role=\"group\" aria-roledescription=\"slide\" aria-label=\"1 von 7\"><a data-elementor-open-lightbox=\"yes\" data-elementor-lightbox-slideshow=\"cbbd96f\" data-elementor-lightbox-title=\"IMG_4125 (2)\" data-e-action-hash=\"#elementor-action%3Aaction%3Dlightbox%26settings%3DeyJpZCI6Mzk4LCJ1cmwiOiJodHRwczpcL1wva2FpbWFuLW1vZGUuZGVcL3dwLWNvbnRlbnRcL3VwbG9hZHNcLzIwMTlcLzAyXC9JTUdfNDEyNS0yLXNjYWxlZC5qcGciLCJzbGlkZXNob3ciOiJjYmJkOTZmIn0%3D\" href=\"https:\/\/kaiman-mode.de\/wp-content\/uploads\/2019\/02\/IMG_4125-2-scaled.jpg\"><figure class=\"swiper-slide-inner\"><img decoding=\"async\" class=\"swiper-slide-image\" src=\"https:\/\/kaiman-mode.de\/wp-content\/uploads\/elementor\/thumbs\/IMG_4125-2-scaled-owtnqyr0awaoa3w85306knk6ktmcbbyiu1kmib9oco.jpg\" alt=\"IMG_4125 (2)\" \/><\/figure><\/a><\/div><div class=\"swiper-slide\" role=\"group\" aria-roledescription=\"slide\" aria-label=\"2 von 7\"><a data-elementor-open-lightbox=\"yes\" data-elementor-lightbox-slideshow=\"cbbd96f\" data-elementor-lightbox-title=\"IMG_4120 (2)\" data-e-action-hash=\"#elementor-action%3Aaction%3Dlightbox%26settings%3DeyJpZCI6Mzk2LCJ1cmwiOiJodHRwczpcL1wva2FpbWFuLW1vZGUuZGVcL3dwLWNvbnRlbnRcL3VwbG9hZHNcLzIwMTlcLzAyXC9JTUdfNDEyMC0yLXNjYWxlZC5qcGciLCJzbGlkZXNob3ciOiJjYmJkOTZmIn0%3D\" href=\"https:\/\/kaiman-mode.de\/wp-content\/uploads\/2019\/02\/IMG_4120-2-scaled.jpg\"><figure class=\"swiper-slide-inner\"><img decoding=\"async\" class=\"swiper-slide-image\" src=\"https:\/\/kaiman-mode.de\/wp-content\/uploads\/elementor\/thumbs\/IMG_4120-2-scaled-owtnrhjs3l0eqb4x3b4pyitegj1ola15kmmc3uhsw8.jpg\" alt=\"IMG_4120 (2)\" \/><\/figure><\/a><\/div><div class=\"swiper-slide\" role=\"group\" aria-roledescription=\"slide\" aria-label=\"3 von 7\"><a data-elementor-open-lightbox=\"yes\" data-elementor-lightbox-slideshow=\"cbbd96f\" data-elementor-lightbox-title=\"IMG_4109 (5)\" data-e-action-hash=\"#elementor-action%3Aaction%3Dlightbox%26settings%3DeyJpZCI6NDAyLCJ1cmwiOiJodHRwczpcL1wva2FpbWFuLW1vZGUuZGVcL3dwLWNvbnRlbnRcL3VwbG9hZHNcLzIwMTlcLzAyXC9JTUdfNDEwOS01LmpwZyIsInNsaWRlc2hvdyI6ImNiYmQ5NmYifQ%3D%3D\" href=\"https:\/\/kaiman-mode.de\/wp-content\/uploads\/2019\/02\/IMG_4109-5.jpg\"><figure class=\"swiper-slide-inner\"><img decoding=\"async\" class=\"swiper-slide-image\" src=\"https:\/\/kaiman-mode.de\/wp-content\/uploads\/elementor\/thumbs\/IMG_4109-5-o3ph0usax2i86mh1o1sdbb346raxa86oy9khl0sdc8.jpg\" alt=\"IMG_4109 (5)\" \/><\/figure><\/a><\/div><div class=\"swiper-slide\" role=\"group\" aria-roledescription=\"slide\" aria-label=\"4 von 7\"><a data-elementor-open-lightbox=\"yes\" data-elementor-lightbox-slideshow=\"cbbd96f\" data-elementor-lightbox-title=\"_DSF0474 (2)\" data-e-action-hash=\"#elementor-action%3Aaction%3Dlightbox%26settings%3DeyJpZCI6MjE1LCJ1cmwiOiJodHRwczpcL1wva2FpbWFuLW1vZGUuZGVcL3dwLWNvbnRlbnRcL3VwbG9hZHNcLzIwMTlcLzAyXC9EU0YwNDc0LTItc2NhbGVkLmpwZyIsInNsaWRlc2hvdyI6ImNiYmQ5NmYifQ%3D%3D\" href=\"https:\/\/kaiman-mode.de\/wp-content\/uploads\/2019\/02\/DSF0474-2-scaled.jpg\"><figure class=\"swiper-slide-inner\"><img decoding=\"async\" class=\"swiper-slide-image\" src=\"https:\/\/kaiman-mode.de\/wp-content\/uploads\/elementor\/thumbs\/DSF0474-2-scaled-owtntmmjnzxx6c0yl8g4mzd764hs4gj57845gjbiq0.jpg\" alt=\"_DSF0474 (2)\" \/><\/figure><\/a><\/div><div class=\"swiper-slide\" role=\"group\" aria-roledescription=\"slide\" aria-label=\"5 von 7\"><a data-elementor-open-lightbox=\"yes\" data-elementor-lightbox-slideshow=\"cbbd96f\" data-elementor-lightbox-title=\"_DSF0490 (3)\" data-e-action-hash=\"#elementor-action%3Aaction%3Dlightbox%26settings%3DeyJpZCI6MjE2LCJ1cmwiOiJodHRwczpcL1wva2FpbWFuLW1vZGUuZGVcL3dwLWNvbnRlbnRcL3VwbG9hZHNcLzIwMTlcLzAyXC9EU0YwNDkwLTMtc2NhbGVkLmpwZyIsInNsaWRlc2hvdyI6ImNiYmQ5NmYifQ%3D%3D\" href=\"https:\/\/kaiman-mode.de\/wp-content\/uploads\/2019\/02\/DSF0490-3-scaled.jpg\"><figure class=\"swiper-slide-inner\"><img decoding=\"async\" class=\"swiper-slide-image\" src=\"https:\/\/kaiman-mode.de\/wp-content\/uploads\/elementor\/thumbs\/DSF0490-3-scaled-owtnt8iythemc6lfvkcq3kxa9cf9wzz65abv9dwfbc.jpg\" alt=\"_DSF0490 (3)\" \/><\/figure><\/a><\/div><div class=\"swiper-slide\" role=\"group\" aria-roledescription=\"slide\" aria-label=\"6 von 7\"><a data-elementor-open-lightbox=\"yes\" data-elementor-lightbox-slideshow=\"cbbd96f\" data-elementor-lightbox-title=\"_DSF0491 (2)\" data-e-action-hash=\"#elementor-action%3Aaction%3Dlightbox%26settings%3DeyJpZCI6MjE3LCJ1cmwiOiJodHRwczpcL1wva2FpbWFuLW1vZGUuZGVcL3dwLWNvbnRlbnRcL3VwbG9hZHNcLzIwMTlcLzAyXC9EU0YwNDkxLTItc2NhbGVkLmpwZyIsInNsaWRlc2hvdyI6ImNiYmQ5NmYifQ%3D%3D\" href=\"https:\/\/kaiman-mode.de\/wp-content\/uploads\/2019\/02\/DSF0491-2-scaled.jpg\"><figure class=\"swiper-slide-inner\"><img decoding=\"async\" class=\"swiper-slide-image\" src=\"https:\/\/kaiman-mode.de\/wp-content\/uploads\/elementor\/thumbs\/DSF0491-2-scaled-owtnspq70sovvzcqxc86ppo2dmzxn1wjepa5nuoars.jpg\" alt=\"_DSF0491 (2)\" \/><\/figure><\/a><\/div><div class=\"swiper-slide\" role=\"group\" aria-roledescription=\"slide\" aria-label=\"7 von 7\"><a data-elementor-open-lightbox=\"yes\" data-elementor-lightbox-slideshow=\"cbbd96f\" data-elementor-lightbox-title=\"_DSF0494 (2)\" data-e-action-hash=\"#elementor-action%3Aaction%3Dlightbox%26settings%3DeyJpZCI6MjE4LCJ1cmwiOiJodHRwczpcL1wva2FpbWFuLW1vZGUuZGVcL3dwLWNvbnRlbnRcL3VwbG9hZHNcLzIwMTlcLzAyXC9EU0YwNDk0LTItc2NhbGVkLmpwZyIsInNsaWRlc2hvdyI6ImNiYmQ5NmYifQ%3D%3D\" href=\"https:\/\/kaiman-mode.de\/wp-content\/uploads\/2019\/02\/DSF0494-2-scaled.jpg\"><figure class=\"swiper-slide-inner\"><img decoding=\"async\" class=\"swiper-slide-image\" src=\"https:\/\/kaiman-mode.de\/wp-content\/uploads\/elementor\/thumbs\/DSF0494-2-scaled-owtns6xf83z5fs41z43nbueuhxkld3two48g2bg688.jpg\" alt=\"_DSF0494 (2)\" \/><\/figure><\/a><\/div>\t\t\t<\/div>\n\t\t\t\t\t\t\t\t\t\t\t\t<div class=\"elementor-swiper-button elementor-swiper-button-prev\" role=\"button\" tabindex=\"0\">\n\t\t\t\t\t\t<i aria-hidden=\"true\" class=\"eicon-chevron-left\"><\/i>\t\t\t\t\t<\/div>\n\t\t\t\t\t<div class=\"elementor-swiper-button elementor-swiper-button-next\" role=\"button\" tabindex=\"0\">\n\t\t\t\t\t\t<i aria-hidden=\"true\" class=\"eicon-chevron-right\"><\/i>\t\t\t\t\t<\/div>\n\t\t\t\t\n\t\t\t\t\t\t\t\t\t<div class=\"swiper-pagination\"><\/div>\n\t\t\t\t\t\t\t\t\t<\/div>\n\t\t\t\t\t\t<\/div>\n\t\t\t\t<\/div>\n\t\t\t\t\t<\/div>\n\t\t<\/div>\n\t\t\t\t\t<\/div>\n\t\t<\/section>\n\t\t\t\t<\/div>\n\t\t","protected":false},"excerpt":{"rendered":"<p>Sie m\u00f6chten den Genuss verf\u00fchrerischer Stoffe in ausdrucksstarkem und zeitlosem Design erleben?&nbsp; Lernen Sie uns kennen, wir beraten Sie gerne.&nbsp; Besuchen Sie uns! Ostertorstra\u00dfe 38\/39 28195 Bremen Telefon: 0421 32 18 18 E-Mail: info@kaiman-mode.de Unsere \u00d6ffnungszeiten:&nbsp; Dienstags &#8211; Freitags: 11 &#8211; 18 Uhr&nbsp; Samstags 11 &#8211; 15 Uhr&nbsp; Sie haben w\u00e4hrend unserer regul\u00e4ren \u00d6ffnungszeiten keine [&hellip;]<\/p>\n","protected":false},"author":1,"featured_media":0,"parent":0,"menu_order":0,"comment_status":"closed","ping_status":"closed","template":"","meta":{"footnotes":""},"class_list":["post-74","page","type-page","status-publish","hentry","post"],"yoast_head":"<!-- This site is optimized with the Yoast SEO plugin v27.3 - https:\/\/yoast.com\/product\/yoast-seo-wordpress\/ -->\n<title>Kontakt - KAIMAN<\/title>\n<meta name=\"robots\" content=\"index, follow, max-snippet:-1, max-image-preview:large, max-video-preview:-1\" \/>\n<link rel=\"canonical\" href=\"https:\/\/kaiman-mode.de\/unsere-modewelt\/kontakt\/\" \/>\n<meta property=\"og:locale\" content=\"de_DE\" \/>\n<meta property=\"og:type\" content=\"article\" \/>\n<meta property=\"og:title\" content=\"Kontakt - KAIMAN\" \/>\n<meta property=\"og:description\" content=\"Sie m\u00f6chten den Genuss verf\u00fchrerischer Stoffe in ausdrucksstarkem und zeitlosem Design erleben?&nbsp; Lernen Sie uns kennen, wir beraten Sie gerne.&nbsp; Besuchen Sie uns! Ostertorstra\u00dfe 38\/39 28195 Bremen Telefon: 0421 32 18 18 E-Mail: info@kaiman-mode.de Unsere \u00d6ffnungszeiten:&nbsp; Dienstags &#8211; Freitags: 11 &#8211; 18 Uhr&nbsp; Samstags 11 &#8211; 15 Uhr&nbsp; Sie haben w\u00e4hrend unserer regul\u00e4ren \u00d6ffnungszeiten keine [&hellip;]\" \/>\n<meta property=\"og:url\" content=\"https:\/\/kaiman-mode.de\/unsere-modewelt\/kontakt\/\" \/>\n<meta property=\"og:site_name\" content=\"KAIMAN\" \/>\n<meta property=\"article:modified_time\" content=\"2019-07-15T17:05:44+00:00\" \/>\n<meta property=\"og:image\" content=\"https:\/\/kaiman-mode.de\/wp-content\/uploads\/2019\/02\/Logo-KAIMAN_mit-Hintergrund-mit-Schriftzug-kleiner.png\" \/>\n<meta name=\"twitter:card\" content=\"summary_large_image\" \/>\n<script type=\"application\/ld+json\" class=\"yoast-schema-graph\">{\"@context\":\"https:\\\/\\\/schema.org\",\"@graph\":[{\"@type\":\"WebPage\",\"@id\":\"https:\\\/\\\/kaiman-mode.de\\\/unsere-modewelt\\\/kontakt\\\/\",\"url\":\"https:\\\/\\\/kaiman-mode.de\\\/unsere-modewelt\\\/kontakt\\\/\",\"name\":\"Kontakt - KAIMAN\",\"isPartOf\":{\"@id\":\"https:\\\/\\\/kaiman-mode.de\\\/unsere-modewelt\\\/#website\"},\"primaryImageOfPage\":{\"@id\":\"https:\\\/\\\/kaiman-mode.de\\\/unsere-modewelt\\\/kontakt\\\/#primaryimage\"},\"image\":{\"@id\":\"https:\\\/\\\/kaiman-mode.de\\\/unsere-modewelt\\\/kontakt\\\/#primaryimage\"},\"thumbnailUrl\":\"https:\\\/\\\/kaiman-mode.de\\\/wp-content\\\/uploads\\\/2019\\\/02\\\/Logo-KAIMAN_mit-Hintergrund-mit-Schriftzug-kleiner.png\",\"datePublished\":\"2019-02-10T07:41:55+00:00\",\"dateModified\":\"2019-07-15T17:05:44+00:00\",\"breadcrumb\":{\"@id\":\"https:\\\/\\\/kaiman-mode.de\\\/unsere-modewelt\\\/kontakt\\\/#breadcrumb\"},\"inLanguage\":\"de\",\"potentialAction\":[{\"@type\":\"ReadAction\",\"target\":[\"https:\\\/\\\/kaiman-mode.de\\\/unsere-modewelt\\\/kontakt\\\/\"]}]},{\"@type\":\"ImageObject\",\"inLanguage\":\"de\",\"@id\":\"https:\\\/\\\/kaiman-mode.de\\\/unsere-modewelt\\\/kontakt\\\/#primaryimage\",\"url\":\"https:\\\/\\\/kaiman-mode.de\\\/wp-content\\\/uploads\\\/2019\\\/02\\\/Logo-KAIMAN_mit-Hintergrund-mit-Schriftzug-kleiner.png\",\"contentUrl\":\"https:\\\/\\\/kaiman-mode.de\\\/wp-content\\\/uploads\\\/2019\\\/02\\\/Logo-KAIMAN_mit-Hintergrund-mit-Schriftzug-kleiner.png\"},{\"@type\":\"BreadcrumbList\",\"@id\":\"https:\\\/\\\/kaiman-mode.de\\\/unsere-modewelt\\\/kontakt\\\/#breadcrumb\",\"itemListElement\":[{\"@type\":\"ListItem\",\"position\":1,\"name\":\"Startseite\",\"item\":\"https:\\\/\\\/kaiman-mode.de\\\/unsere-modewelt\\\/\"},{\"@type\":\"ListItem\",\"position\":2,\"name\":\"Kontakt\"}]},{\"@type\":\"WebSite\",\"@id\":\"https:\\\/\\\/kaiman-mode.de\\\/unsere-modewelt\\\/#website\",\"url\":\"https:\\\/\\\/kaiman-mode.de\\\/unsere-modewelt\\\/\",\"name\":\"KAIMAN\",\"description\":\"Entdecken Sie unsere Modewelt!\",\"potentialAction\":[{\"@type\":\"SearchAction\",\"target\":{\"@type\":\"EntryPoint\",\"urlTemplate\":\"https:\\\/\\\/kaiman-mode.de\\\/unsere-modewelt\\\/?s={search_term_string}\"},\"query-input\":{\"@type\":\"PropertyValueSpecification\",\"valueRequired\":true,\"valueName\":\"search_term_string\"}}],\"inLanguage\":\"de\"}]}<\/script>\n<!-- \/ Yoast SEO plugin. -->","yoast_head_json":{"title":"Kontakt - KAIMAN","robots":{"index":"index","follow":"follow","max-snippet":"max-snippet:-1","max-image-preview":"max-image-preview:large","max-video-preview":"max-video-preview:-1"},"canonical":"https:\/\/kaiman-mode.de\/unsere-modewelt\/kontakt\/","og_locale":"de_DE","og_type":"article","og_title":"Kontakt - KAIMAN","og_description":"Sie m\u00f6chten den Genuss verf\u00fchrerischer Stoffe in ausdrucksstarkem und zeitlosem Design erleben?&nbsp; Lernen Sie uns kennen, wir beraten Sie gerne.&nbsp; Besuchen Sie uns! Ostertorstra\u00dfe 38\/39 28195 Bremen Telefon: 0421 32 18 18 E-Mail: info@kaiman-mode.de Unsere \u00d6ffnungszeiten:&nbsp; Dienstags &#8211; Freitags: 11 &#8211; 18 Uhr&nbsp; Samstags 11 &#8211; 15 Uhr&nbsp; Sie haben w\u00e4hrend unserer regul\u00e4ren \u00d6ffnungszeiten keine [&hellip;]","og_url":"https:\/\/kaiman-mode.de\/unsere-modewelt\/kontakt\/","og_site_name":"KAIMAN","article_modified_time":"2019-07-15T17:05:44+00:00","og_image":[{"url":"https:\/\/kaiman-mode.de\/wp-content\/uploads\/2019\/02\/Logo-KAIMAN_mit-Hintergrund-mit-Schriftzug-kleiner.png","type":"","width":"","height":""}],"twitter_card":"summary_large_image","schema":{"@context":"https:\/\/schema.org","@graph":[{"@type":"WebPage","@id":"https:\/\/kaiman-mode.de\/unsere-modewelt\/kontakt\/","url":"https:\/\/kaiman-mode.de\/unsere-modewelt\/kontakt\/","name":"Kontakt - KAIMAN","isPartOf":{"@id":"https:\/\/kaiman-mode.de\/unsere-modewelt\/#website"},"primaryImageOfPage":{"@id":"https:\/\/kaiman-mode.de\/unsere-modewelt\/kontakt\/#primaryimage"},"image":{"@id":"https:\/\/kaiman-mode.de\/unsere-modewelt\/kontakt\/#primaryimage"},"thumbnailUrl":"https:\/\/kaiman-mode.de\/wp-content\/uploads\/2019\/02\/Logo-KAIMAN_mit-Hintergrund-mit-Schriftzug-kleiner.png","datePublished":"2019-02-10T07:41:55+00:00","dateModified":"2019-07-15T17:05:44+00:00","breadcrumb":{"@id":"https:\/\/kaiman-mode.de\/unsere-modewelt\/kontakt\/#breadcrumb"},"inLanguage":"de","potentialAction":[{"@type":"ReadAction","target":["https:\/\/kaiman-mode.de\/unsere-modewelt\/kontakt\/"]}]},{"@type":"ImageObject","inLanguage":"de","@id":"https:\/\/kaiman-mode.de\/unsere-modewelt\/kontakt\/#primaryimage","url":"https:\/\/kaiman-mode.de\/wp-content\/uploads\/2019\/02\/Logo-KAIMAN_mit-Hintergrund-mit-Schriftzug-kleiner.png","contentUrl":"https:\/\/kaiman-mode.de\/wp-content\/uploads\/2019\/02\/Logo-KAIMAN_mit-Hintergrund-mit-Schriftzug-kleiner.png"},{"@type":"BreadcrumbList","@id":"https:\/\/kaiman-mode.de\/unsere-modewelt\/kontakt\/#breadcrumb","itemListElement":[{"@type":"ListItem","position":1,"name":"Startseite","item":"https:\/\/kaiman-mode.de\/unsere-modewelt\/"},{"@type":"ListItem","position":2,"name":"Kontakt"}]},{"@type":"WebSite","@id":"https:\/\/kaiman-mode.de\/unsere-modewelt\/#website","url":"https:\/\/kaiman-mode.de\/unsere-modewelt\/","name":"KAIMAN","description":"Entdecken Sie unsere Modewelt!","potentialAction":[{"@type":"SearchAction","target":{"@type":"EntryPoint","urlTemplate":"https:\/\/kaiman-mode.de\/unsere-modewelt\/?s={search_term_string}"},"query-input":{"@type":"PropertyValueSpecification","valueRequired":true,"valueName":"search_term_string"}}],"inLanguage":"de"}]}},"_links":{"self":[{"href":"https:\/\/kaiman-mode.de\/unsere-modewelt\/wp-json\/wp\/v2\/pages\/74","targetHints":{"allow":["GET"]}}],"collection":[{"href":"https:\/\/kaiman-mode.de\/unsere-modewelt\/wp-json\/wp\/v2\/pages"}],"about":[{"href":"https:\/\/kaiman-mode.de\/unsere-modewelt\/wp-json\/wp\/v2\/types\/page"}],"author":[{"embeddable":true,"href":"https:\/\/kaiman-mode.de\/unsere-modewelt\/wp-json\/wp\/v2\/users\/1"}],"replies":[{"embeddable":true,"href":"https:\/\/kaiman-mode.de\/unsere-modewelt\/wp-json\/wp\/v2\/comments?post=74"}],"version-history":[{"count":32,"href":"https:\/\/kaiman-mode.de\/unsere-modewelt\/wp-json\/wp\/v2\/pages\/74\/revisions"}],"predecessor-version":[{"id":590,"href":"https:\/\/kaiman-mode.de\/unsere-modewelt\/wp-json\/wp\/v2\/pages\/74\/revisions\/590"}],"wp:attachment":[{"href":"https:\/\/kaiman-mode.de\/unsere-modewelt\/wp-json\/wp\/v2\/media?parent=74"}],"curies":[{"name":"wp","href":"https:\/\/api.w.org\/{rel}","templated":true}]}}