{"id":1779,"date":"2020-12-21T10:58:00","date_gmt":"2020-12-21T10:58:00","guid":{"rendered":"https:\/\/kaiman-mode.de\/unsere-modewelt\/?page_id=1779"},"modified":"2020-12-21T18:05:09","modified_gmt":"2020-12-21T18:05:09","slug":"zahlungsarten","status":"publish","type":"page","link":"https:\/\/kaiman-mode.de\/unsere-modewelt\/zahlungsarten\/","title":{"rendered":"Zahlungsarten"},"content":{"rendered":"\t\t<div data-elementor-type=\"wp-post\" data-elementor-id=\"1779\" class=\"elementor elementor-1779\">\n\t\t\t\t\t\t<section class=\"elementor-section elementor-top-section elementor-element elementor-element-06c0d84 elementor-section-stretched elementor-section-boxed elementor-section-height-default elementor-section-height-default\" data-id=\"06c0d84\" data-element_type=\"section\" data-e-type=\"section\" data-settings=\"{&quot;stretch_section&quot;:&quot;section-stretched&quot;}\">\n\t\t\t\t\t\t<div class=\"elementor-container elementor-column-gap-wider\">\n\t\t\t\t\t<div class=\"elementor-column elementor-col-100 elementor-top-column elementor-element elementor-element-2f49730\" data-id=\"2f49730\" data-element_type=\"column\" data-e-type=\"column\">\n\t\t\t<div class=\"elementor-widget-wrap elementor-element-populated\">\n\t\t\t\t\t\t<div class=\"elementor-element elementor-element-9d77096 elementor-widget elementor-widget-text-editor\" data-id=\"9d77096\" data-element_type=\"widget\" data-e-type=\"widget\" data-widget_type=\"text-editor.default\">\n\t\t\t\t<div class=\"elementor-widget-container\">\n\t\t\t\t\t\t\t\t\t<p><strong>ZAHLUNGSARTEN<\/strong><\/p><p>F\u00fcr Deutschland werden folgende Zahlungsarten angeboten:<br \/>PayPal und Vorkasse.<br \/><br \/><br \/><\/p><p><strong>PAYPAL<\/strong><\/p><p>Der Rechnungsbetrag wird von Ihnen \u00fcber den Online-Anbieter Paypal bezahlt. Um diesen Anbieter nutzen zu k\u00f6nnen, m\u00fcssen Sie grunds\u00e4tzlich dort registriert sein bzw. sich registrieren, sofern Sie noch keinen Account haben. Dann legitimieren Sie die Zahlung mit Ihren Zugangsdaten und best\u00e4tigen Die Zahlungsanweisung an uns. Weitere Hinweise erhalten Sie w\u00e4hrend des Bestellvorgangs.<\/p><p><strong>\u00a0<\/strong><\/p><p><strong>PER VORKASSE<\/strong><\/p><p>Wenn Sie die Zahlungsart Vorkasse ausw\u00e4hlen, erhalten Sie unsere Bankverbindung in der Auftragsbest\u00e4tigung und wir liefern die Ware nach Zahlungseingang. Die Zahlungsart Vorkasse gilt f\u00fcr Deutschland. Nachdem der Kunde die Bestellbest\u00e4tigung per E-Mail erhalten hat, hat der Kunde den Rechnungsbetrag innerhalb von 3 Werktagen unter der Angabe der Rechnungsnummer auf die von KAIMAN angegebenen Konten zu \u00fcberweisen. Falls KAIMAN nach 10 Werktagen den Zahlungseingang nicht feststellen konnte, beh\u00e4lt KAIMAN vor, die Bestellung zu stornieren.<\/p><p>\u00a0<\/p>\t\t\t\t\t\t\t\t<\/div>\n\t\t\t\t<\/div>\n\t\t\t\t\t<\/div>\n\t\t<\/div>\n\t\t\t\t\t<\/div>\n\t\t<\/section>\n\t\t\t\t<section class=\"elementor-section elementor-top-section elementor-element elementor-element-888f23e elementor-section-boxed elementor-section-height-default elementor-section-height-default\" data-id=\"888f23e\" data-element_type=\"section\" data-e-type=\"section\">\n\t\t\t\t\t\t<div class=\"elementor-container elementor-column-gap-wider\">\n\t\t\t\t\t<div class=\"elementor-column elementor-col-100 elementor-top-column elementor-element elementor-element-fdfea1a\" data-id=\"fdfea1a\" data-element_type=\"column\" data-e-type=\"column\">\n\t\t\t<div class=\"elementor-widget-wrap\">\n\t\t\t\t\t\t\t<\/div>\n\t\t<\/div>\n\t\t\t\t\t<\/div>\n\t\t<\/section>\n\t\t\t\t<\/div>\n\t\t","protected":false},"excerpt":{"rendered":"<p>ZAHLUNGSARTEN F\u00fcr Deutschland werden folgende Zahlungsarten angeboten:PayPal und Vorkasse. PAYPAL Der Rechnungsbetrag wird von Ihnen \u00fcber den Online-Anbieter Paypal bezahlt. Um diesen Anbieter nutzen zu k\u00f6nnen, m\u00fcssen Sie grunds\u00e4tzlich dort registriert sein bzw. sich registrieren, sofern Sie noch keinen Account haben. Dann legitimieren Sie die Zahlung mit Ihren Zugangsdaten und best\u00e4tigen Die Zahlungsanweisung an uns. [&hellip;]<\/p>\n","protected":false},"author":1,"featured_media":0,"parent":0,"menu_order":0,"comment_status":"closed","ping_status":"closed","template":"","meta":{"footnotes":""},"class_list":["post-1779","page","type-page","status-publish","hentry","post"],"yoast_head":"<!-- This site is optimized with the Yoast SEO plugin v27.3 - https:\/\/yoast.com\/product\/yoast-seo-wordpress\/ -->\n<title>Zahlungsarten - KAIMAN<\/title>\n<meta name=\"robots\" content=\"index, follow, max-snippet:-1, max-image-preview:large, max-video-preview:-1\" \/>\n<link rel=\"canonical\" href=\"https:\/\/kaiman-mode.de\/unsere-modewelt\/zahlungsarten\/\" \/>\n<meta property=\"og:locale\" content=\"de_DE\" \/>\n<meta property=\"og:type\" content=\"article\" \/>\n<meta property=\"og:title\" content=\"Zahlungsarten - KAIMAN\" \/>\n<meta property=\"og:description\" content=\"ZAHLUNGSARTEN F\u00fcr Deutschland werden folgende Zahlungsarten angeboten:PayPal und Vorkasse. PAYPAL Der Rechnungsbetrag wird von Ihnen \u00fcber den Online-Anbieter Paypal bezahlt. Um diesen Anbieter nutzen zu k\u00f6nnen, m\u00fcssen Sie grunds\u00e4tzlich dort registriert sein bzw. sich registrieren, sofern Sie noch keinen Account haben. Dann legitimieren Sie die Zahlung mit Ihren Zugangsdaten und best\u00e4tigen Die Zahlungsanweisung an uns. [&hellip;]\" \/>\n<meta property=\"og:url\" content=\"https:\/\/kaiman-mode.de\/unsere-modewelt\/zahlungsarten\/\" \/>\n<meta property=\"og:site_name\" content=\"KAIMAN\" \/>\n<meta property=\"article:modified_time\" content=\"2020-12-21T18:05:09+00:00\" \/>\n<meta name=\"twitter:card\" content=\"summary_large_image\" \/>\n<meta name=\"twitter:label1\" content=\"Gesch\u00e4tzte Lesezeit\" \/>\n\t<meta name=\"twitter:data1\" content=\"1\u00a0Minute\" \/>\n<script type=\"application\/ld+json\" class=\"yoast-schema-graph\">{\"@context\":\"https:\\\/\\\/schema.org\",\"@graph\":[{\"@type\":\"WebPage\",\"@id\":\"https:\\\/\\\/kaiman-mode.de\\\/unsere-modewelt\\\/zahlungsarten\\\/\",\"url\":\"https:\\\/\\\/kaiman-mode.de\\\/unsere-modewelt\\\/zahlungsarten\\\/\",\"name\":\"Zahlungsarten - KAIMAN\",\"isPartOf\":{\"@id\":\"https:\\\/\\\/kaiman-mode.de\\\/unsere-modewelt\\\/#website\"},\"datePublished\":\"2020-12-21T10:58:00+00:00\",\"dateModified\":\"2020-12-21T18:05:09+00:00\",\"breadcrumb\":{\"@id\":\"https:\\\/\\\/kaiman-mode.de\\\/unsere-modewelt\\\/zahlungsarten\\\/#breadcrumb\"},\"inLanguage\":\"de\",\"potentialAction\":[{\"@type\":\"ReadAction\",\"target\":[\"https:\\\/\\\/kaiman-mode.de\\\/unsere-modewelt\\\/zahlungsarten\\\/\"]}]},{\"@type\":\"BreadcrumbList\",\"@id\":\"https:\\\/\\\/kaiman-mode.de\\\/unsere-modewelt\\\/zahlungsarten\\\/#breadcrumb\",\"itemListElement\":[{\"@type\":\"ListItem\",\"position\":1,\"name\":\"Startseite\",\"item\":\"https:\\\/\\\/kaiman-mode.de\\\/unsere-modewelt\\\/\"},{\"@type\":\"ListItem\",\"position\":2,\"name\":\"Zahlungsarten\"}]},{\"@type\":\"WebSite\",\"@id\":\"https:\\\/\\\/kaiman-mode.de\\\/unsere-modewelt\\\/#website\",\"url\":\"https:\\\/\\\/kaiman-mode.de\\\/unsere-modewelt\\\/\",\"name\":\"KAIMAN\",\"description\":\"Entdecken Sie unsere Modewelt!\",\"potentialAction\":[{\"@type\":\"SearchAction\",\"target\":{\"@type\":\"EntryPoint\",\"urlTemplate\":\"https:\\\/\\\/kaiman-mode.de\\\/unsere-modewelt\\\/?s={search_term_string}\"},\"query-input\":{\"@type\":\"PropertyValueSpecification\",\"valueRequired\":true,\"valueName\":\"search_term_string\"}}],\"inLanguage\":\"de\"}]}<\/script>\n<!-- \/ Yoast SEO plugin. -->","yoast_head_json":{"title":"Zahlungsarten - KAIMAN","robots":{"index":"index","follow":"follow","max-snippet":"max-snippet:-1","max-image-preview":"max-image-preview:large","max-video-preview":"max-video-preview:-1"},"canonical":"https:\/\/kaiman-mode.de\/unsere-modewelt\/zahlungsarten\/","og_locale":"de_DE","og_type":"article","og_title":"Zahlungsarten - KAIMAN","og_description":"ZAHLUNGSARTEN F\u00fcr Deutschland werden folgende Zahlungsarten angeboten:PayPal und Vorkasse. PAYPAL Der Rechnungsbetrag wird von Ihnen \u00fcber den Online-Anbieter Paypal bezahlt. Um diesen Anbieter nutzen zu k\u00f6nnen, m\u00fcssen Sie grunds\u00e4tzlich dort registriert sein bzw. sich registrieren, sofern Sie noch keinen Account haben. Dann legitimieren Sie die Zahlung mit Ihren Zugangsdaten und best\u00e4tigen Die Zahlungsanweisung an uns. [&hellip;]","og_url":"https:\/\/kaiman-mode.de\/unsere-modewelt\/zahlungsarten\/","og_site_name":"KAIMAN","article_modified_time":"2020-12-21T18:05:09+00:00","twitter_card":"summary_large_image","twitter_misc":{"Gesch\u00e4tzte Lesezeit":"1\u00a0Minute"},"schema":{"@context":"https:\/\/schema.org","@graph":[{"@type":"WebPage","@id":"https:\/\/kaiman-mode.de\/unsere-modewelt\/zahlungsarten\/","url":"https:\/\/kaiman-mode.de\/unsere-modewelt\/zahlungsarten\/","name":"Zahlungsarten - KAIMAN","isPartOf":{"@id":"https:\/\/kaiman-mode.de\/unsere-modewelt\/#website"},"datePublished":"2020-12-21T10:58:00+00:00","dateModified":"2020-12-21T18:05:09+00:00","breadcrumb":{"@id":"https:\/\/kaiman-mode.de\/unsere-modewelt\/zahlungsarten\/#breadcrumb"},"inLanguage":"de","potentialAction":[{"@type":"ReadAction","target":["https:\/\/kaiman-mode.de\/unsere-modewelt\/zahlungsarten\/"]}]},{"@type":"BreadcrumbList","@id":"https:\/\/kaiman-mode.de\/unsere-modewelt\/zahlungsarten\/#breadcrumb","itemListElement":[{"@type":"ListItem","position":1,"name":"Startseite","item":"https:\/\/kaiman-mode.de\/unsere-modewelt\/"},{"@type":"ListItem","position":2,"name":"Zahlungsarten"}]},{"@type":"WebSite","@id":"https:\/\/kaiman-mode.de\/unsere-modewelt\/#website","url":"https:\/\/kaiman-mode.de\/unsere-modewelt\/","name":"KAIMAN","description":"Entdecken Sie unsere Modewelt!","potentialAction":[{"@type":"SearchAction","target":{"@type":"EntryPoint","urlTemplate":"https:\/\/kaiman-mode.de\/unsere-modewelt\/?s={search_term_string}"},"query-input":{"@type":"PropertyValueSpecification","valueRequired":true,"valueName":"search_term_string"}}],"inLanguage":"de"}]}},"_links":{"self":[{"href":"https:\/\/kaiman-mode.de\/unsere-modewelt\/wp-json\/wp\/v2\/pages\/1779","targetHints":{"allow":["GET"]}}],"collection":[{"href":"https:\/\/kaiman-mode.de\/unsere-modewelt\/wp-json\/wp\/v2\/pages"}],"about":[{"href":"https:\/\/kaiman-mode.de\/unsere-modewelt\/wp-json\/wp\/v2\/types\/page"}],"author":[{"embeddable":true,"href":"https:\/\/kaiman-mode.de\/unsere-modewelt\/wp-json\/wp\/v2\/users\/1"}],"replies":[{"embeddable":true,"href":"https:\/\/kaiman-mode.de\/unsere-modewelt\/wp-json\/wp\/v2\/comments?post=1779"}],"version-history":[{"count":8,"href":"https:\/\/kaiman-mode.de\/unsere-modewelt\/wp-json\/wp\/v2\/pages\/1779\/revisions"}],"predecessor-version":[{"id":1790,"href":"https:\/\/kaiman-mode.de\/unsere-modewelt\/wp-json\/wp\/v2\/pages\/1779\/revisions\/1790"}],"wp:attachment":[{"href":"https:\/\/kaiman-mode.de\/unsere-modewelt\/wp-json\/wp\/v2\/media?parent=1779"}],"curies":[{"name":"wp","href":"https:\/\/api.w.org\/{rel}","templated":true}]}}